- 1/6*m**3 + 13/2*m**2. What is the units digit of k(9)?
4
Let w(f) = -f**2 + 8*f - 1. Let n be w(6). Let q(p) = -p**3 + 11*p**2 + p - 5. What is the units digit of q(n)?
6
Let k be (-2)/(-6) + (-10)/(-6). Suppose r = d - 4, -4*d - 2*r + 0 = k. What is the units digit of d?
1
Let i = -41 - -64. What is the units digit of i?
3
Let x(z) = 7*z**2 - z + 1. Let y be x(2). Let l = y + -21. What is the units digit of l?
6
Suppose -103*r + 100*r = -798. What is the hundreds digit of r?
2
Let q(l) = -l**3 + 3*l**2 + l - 1. Let b be q(3). Suppose -5 = -b*t - 3*h + 15, -3*t - h = -30. What is the units digit of 6/t - (-2)/5?
1
Suppose -3*g - d - d = -316, 5*d = 3*g - 281. What is the hundreds digit of g?
1
Let y(f) = -f**3 + 7*f**2 - f - 5. What is the units digit of y(5)?
0
What is the units digit of ((-24)/(-30))/((-2)/(-5))?
2
Suppose -2*t = t. Let o be 3 - 2 - 128/(-4). Suppose 3*u = -4*n + o, t = -9*n + 4*n - 4*u + 42. What is the units digit of n?
6
What is the units digit of -4*5*(-3)/12?
5
Let h = 96 - 67. What is the units digit of h?
9
Let y(s) = -3*s + 8*s + 5*s. Let n be y(-1). What is the tens digit of 1*1/(-1)*n?
1
What is the units digit of 14/(-8)*780/(-15)?
1
Suppose 6*q = 3*q + 6. What is the units digit of (-2)/4*q + 19?
8
Let f(o) = -o**2 + 3. Let u be f(0). Let b = u - -1. What is the units digit of b?
4
Let t(d) = d**3 + 6*d**2 - 6*d + 6. Let f(z) = -6*z**2 - z. Let r be f(1). Let h be t(r). What is the units digit of -3 - (2 + h)*-16?
3
Suppose -2*y - 3*o = 2*o + 21, -o + 3 = 4*y. Suppose 0 = y*i + 2*i - 16. Suppose 0*n + i*n = 44. What is the units digit of n?
1
Suppose 2*m - 114 = -4*w, 9*w = m + 5*w - 33. What is the tens digit of m?
4
Suppose 4*l + l = 305. What is the units digit of l?
1
Let a(j) = 25*j**3 - 2*j**2 + 2*j - 1. Let v be a(1). Let t = -12 + v. What is the units digit of (9/6)/(t/80)?
0
Suppose -1 = -3*a + 14. Suppose 9 - 129 = -a*q. What is the tens digit of q?
2
What is the tens digit of (-1 - -99) + 0/(-3 - -1)?
9
Let i = -32 - -251. What is the tens digit of i?
1
Suppose -5*p + 3*q = -183, p = -2*p + 2*q + 109. What is the tens digit of p?
3
Let i = 218 - 150. Let n = i - 40. What is the tens digit of n?
2
Let o(g) = 7*g**2 + 5*g - 8. Let j(h) = 8*h**2 + 6*h - 8. Let q(u) = -6*j(u) + 7*o(u). Let s be q(0). Let i = 15 + s. What is the units digit of i?
7
Let s be ((-1)/(-3))/((-16)/(-144)). Let f(d) = d + 5. Let w be f(-4). Let v = s + w. What is the units digit of v?
4
Let u = -544 - -909. What is the hundreds digit of u?
3
Let d = 11 - 7. Suppose -d*q + 84 = -0*q. What is the units digit of q?
1
Suppose -1 - 11 = 4*q. Let b be 5 + -2 + 46 - q. Let j = b + -36. What is the tens digit of j?
1
Let i(c) = 1 + 1 + 2*c + 2 - 3. Let b be i(2). Suppose 5*n - 47 = -r, 0*r = 3*n + b*r - 15. What is the units digit of n?
0
Let r = 3 + -1. Suppose 0 = -r*l + 6*l - 24. What is the units digit of l?
6
Let l(p) = -p**3 - 2*p**2 - 3*p - 3. Let w be l(-3). What is the units digit of (10/(-3))/((-10)/w)?
5
Let q(w) = w**3 + 9*w**2 + 9*w. What is the tens digit of q(-5)?
5
Let h = 2 + -1. Suppose 2*g = g - h. What is the units digit of (1*-5 + g)*-1?
6
Let b(p) = p**2 + 2*p - 3. Let z be b(-3). Suppose z = -o + 3*o - 20. What is the units digit of o?
0
Suppose -w + c + 61 = 0, 4*c = w + w - 132. What is the tens digit of w?
5
Suppose l - 2*q + 193 = -2*l, 5*l + 295 = -2*q. Let x = l + 98. Suppose -x = -4*b + 31. What is the units digit of b?
7
Suppose 0 = 4*o + 2*d - 68, 3*o + 3*d = d + 53. Let u = -4 + o. What is the units digit of u?
1
Let i(q) = q**2 - 3*q + 2. Let f be i(3). Suppose f*z - 5*g - 52 = -z, 4*z + g = 100. What is the units digit of z?
4
Suppose -5*o + 146 - 1 = 0. What is the units digit of o?
9
Let r be 7/((-28)/8) + -26. Let o = r - -51. What is the tens digit of o?
2
Let r = -231 - -444. What is the units digit of r?
3
Let g = 21 + 3. What is the tens digit of g?
2
Let x be (-2)/(-2) + 4/1. Suppose 3*k - x*p = -10*p - 5, -5*k - 3 = 3*p. Suppose 15 = 3*h - k*h. What is the units digit of h?
5
Suppose -3*n - 2 = 1. Let i = n + 5. What is the units digit of i?
4
Let k = 1 + 2. Let o(r) = r**3 - r**2 - 4*r. Let i be o(k). Let c = 3 + i. What is the units digit of c?
9
Let q(p) = -2*p - 9. Let o be q(-10). Suppose 6*w - 5 = o*w. What is the tens digit of (-14)/(w/(-1)*-1)?
1
Suppose 2*f - 6*f + 52 = -4*g, -27 = -2*f + g. Let c = -2 + 2. Let r = c + f. What is the units digit of r?
4
Suppose -2*z + 0*z = -4*s - 16, 2*s + z = 0. Let i be ((-8)/12)/(s/(-3)). What is the units digit of 13/4 + i/4?
3
Suppose -4*w - 129 + 481 = 0. What is the units digit of w?
8
Suppose -13 = -5*b + 12. Let c = b - -9. What is the tens digit of c?
1
Let a be 4 + -2*(-1)/(-2). Suppose -a*z + 111 = 3*x, 0*x - 2*x + 66 = -2*z. What is the tens digit of x?
3
Let h(l) = l**3 + 12*l**2 + 12*l + 11. Let n be h(-11). Let k(d) = -d**2 - d + 41. What is the units digit of k(n)?
1
Suppose -2*b + b - 18 = -q, 0 = 4*q - 20. Let j = b + 20. What is the units digit of j?
7
Let q(p) = 3*p**2 + 11*p - 1. Let m(v) = -v**2 - v - 1. Let z(t) = 2*m(t) + q(t). Suppose -3*r = -r + 5*a + 40, 16 = -4*a. What is the units digit of z(r)?
7
Let i be 8/(-6)*(-12)/8. Let k(j) = 5*j + 1. Let l be k(i). Suppose -d + l = 1. What is the tens digit of d?
1
Suppose -2*j + 5*c + 47 = -69, -3*j + 132 = 3*c. What is the tens digit of j?
4
Let o be (-15)/(-10)*(-8)/(-6). Suppose -o*q + 6 + 0 = 0. Suppose 2*p - 23 = -q. What is the tens digit of p?
1
Suppose -8 = 2*w - 0. Let f = 13 - w. Suppose m - f = -6. What is the units digit of m?
1
Let s = -10 + 6. Let n(f) = f**2 - f - 3. Let k be n(-3). Let h = s + k. What is the units digit of h?
5
Suppose q - 73 = 5*z - 13, -48 = 4*z + q. Suppose -5*b - 2*s - 111 = 29, -b - 28 = 3*s. Let g = z - b. What is the units digit of g?
6
Suppose 3*j = -5*f + 522, 0*f - j = 3*f - 310. What is the hundreds digit of f?
1
Suppose -3*w - t - 4*t = -97, -2*w + 82 = -t. What is the units digit of (-212)/(-26) + (-6)/w?
8
Suppose -2*j = -51 - 19. Suppose j - 11 = 2*r. What is the tens digit of r?
1
Let f(k) = k**2 - k - 2. What is the units digit of f(4)?
0
Let m(j) = -j**3 - 6*j**2 - 7*j + 2. Suppose 0 = -4*o + 4, 3*a + a + 5*o = 25. Suppose -a*r - 10 = 5*k, 4*r - 3*r - 5*k = -20. What is the units digit of m(r)?
2
Let f = -2 - -2. Suppose -4*u + f*u = -32. What is the units digit of (-3)/(3*(-2)/u)?
4
Let f = -12 - -4. Let y = 1 - f. What is the units digit of y?
9
Suppose 5*q - 525 = -5*o, 427 = 3*q + 4*o + 113. What is the tens digit of q?
0
Suppose x + 6 = 31. Suppose -d = -0*d + 1, 0 = s + 5*d - x. What is the units digit of s?
0
Suppose 8*p - 7*p = 0. Suppose 0 = r - 29 + 9. Suppose p = -h + 6*h - r. What is the units digit of h?
4
Suppose -4*v = 4*c - 9*v - 23, 3*v = c - 11. Suppose 5*x = 3*d + 25, -3*x - c*d + 8 + 7 = 0. What is the units digit of x?
5
Let w = 5 + -3. Suppose -2*p = -p - w. What is the units digit of p?
2
Let y(c) = 11*c**2 + 3*c - 2. Let g be y(-3). Suppose -g = -h - 3*h. What is the units digit of h?
2
Let d(s) = -2*s**2 - 2 + 6*s**2 - 3*s**2 - s. Let h be d(2). Suppose -5*i + 5 + 30 = h. What is the units digit of i?
7
Let l = -38 - -87. What is the units digit of l?
9
Let f(a) = -a - 6. Suppose 0*m + 18 = -3*m. Let w be f(m). Let c = w + 1. What is the units digit of c?
1
Suppose -135 = -5*f - 5. What is the units digit of f?
6
Let j(b) be the first derivative of b**4/4 - 5*b**3 + 17*b**2/2 + b - 3. What is the tens digit of j(14)?
4
Let m = -34 + 61. What is the tens digit of m?
2
Let q(i) be the second derivative of i**3/6 + i. Let j(p) = 4*p - 14. Let x(u) = -j(u) + 5*q(u). What is the units digit of x(-6)?
8
Let s = 20 - 0. Suppose -3*x + s = -10. What is the units digit of x?
0
Let r(w) be the second derivative of 4*w + 1/6*w**3 + 0*w**2 + 0. What is the units digit of r(2)?
2
Suppose 4*z = 7*z + 36. What is the units digit of z/9 + (-472)/(-12)?
8
Let j(q) = 6*q + 1. Let x = -5 + 2. Let y be x/(9/(-6)) - 1. What is the units digit of j(y)?
7
Suppose 5*j = 3*j. Let y be 2 - (j + 15/1). Let p = y - -22. What is the units digit of p?
9
Let q = 2 + 0. Suppose 2*n + 3 = r, -3*n + q*n - 3 = -2*r. What is the units digit of r?
1
Let j = -71 + 49. Suppose -17 = 5*s + 2*g - 4*g, 3*s + 3*g + 27 = 0. What is the tens 